v. Is -4 + p - (-1 - 254) a prime number?
True
Suppose -6 = -s - 1. Suppose h + 1324 = s*h. Is h a composite number?
False
Let p(c) = -30*c + 2. Let k be p(-3). Is (k/8 - -3)/(1/74) prime?
False
Is (-4472 - (2 + 0))*(-13)/26 a composite number?
False
Suppose 4*y + 8*a - 10*a = 64710, -3*a = -4*y + 64711. Is y a composite number?
True
Let j be 1 + 0 + 3 + -3. Is -1 - (4 - 1366)*j a prime number?
True
Let g(i) = -i**2 - 22*i - 33. Let d be g(-14). Let r be 4 + (-1)/1*0. Suppose 0 = r*v - d - 589. Is v a composite number?
False
Suppose -2*l + 7 = d, 5*l + 2*d - 5*d = 34. Suppose y - 1913 = -4*a, -l*a = -0*a + 2*y - 2389. Is a prime?
True
Let p(m) be the second derivative of -31*m**3/6 - 3*m**2/2 + 5*m. Let n be p(-3). Suppose -3*f + 117 = -n. Is f a composite number?
True
Suppose 14*z + 45 = 17. Is z/(-6) - 2800/(-15) composite?
True
Let h = -286 + -408. Suppose 5*p + 1700 = -115. Let l = p - h. Is l a prime number?
True
Let g(s) = 9838*s + 3. Is g(1) a composite number?
True
Let s(m) = 6 - m + m**3 + 7*m**2 - 6*m + 0. Let u(p) = -p - 32. Let d be u(-25). Is s(d) a composite number?
True
Let j(t) = -36*t + 1. Let y(o) be the second derivative of -o**5/20 + o**4/12 - o**2/2 - 5*o. Let m be y(1). Is j(m) a composite number?
False
Suppose 5 = r + 2. Suppose -u - 3*b + 24 = -8*b, r*u = -3*b. Is 10/5*514/u composite?
False
Suppose 4*a + 3*t = -15, -5*a + 3*t = -t - 20. Let f(g) = 4*g - 35. Let k be f(15). Suppose u - 174 + k = a. Is u composite?
False
Suppose 14 = 3*j - 7. Let o(d) = 14*d - 9. Is o(j) prime?
True
Is 5 + (43052/(-16))/(4/(-32)) a composite number?
True
Suppose -21*r + 23*r = 134. Suppose p + r = 408. Is p a composite number?
True
Let n(c) = 120*c - 25. Is n(23) prime?
False
Let a(b) = 0*b + 1 - 19*b + 1 - 3. Let z be a(-3). Let t = z + -19. Is t prime?
True
Suppose s + 13*s = -154. Is 89*-7*(10 + s) a composite number?
True
Is ((-12)/(-24))/((-7)/(-383054)) prime?
True
Is (((-4238066)/70)/17)/((-2)/10) a composite number?
False
Suppose 20 = y + 5*m, -y + 12 = -2*y + 3*m. Suppose 0 = 5*u - n - y*n - 5490, 0 = -4*u + n + 4393. Is u a prime number?
True
Suppose -4*q + 3*c + 9713 = 0, -5*c - 12135 = -0*q - 5*q. Suppose 4*m = q + 1380. Is m prime?
True
Let j be 39*71 - (-5)/(10/(-4)). Suppose -8*d + j = -553. Is d a composite number?
True
Suppose 8 = n + s, -2*n + 5*s = n + 16. Let g = n - 7. Is 680 - (0 + (-3 - g)) a composite number?
True
Is (-162)/216 - 4015/(-4) prime?
False
Let k be 3/((-9)/2)*-21. Let g = 6 + k. Is 8/(-1)*(-835)/g composite?
True
Suppose 3*l = -5*t - l + 4, 4*l - 4 = -2*t. Suppose 5*s + 24 + 96 = t. Is ((-1784)/s)/((-1)/(-3)) a composite number?
False
Suppose -z + 3 = 3*q, 3*q + 0 = -4*z + 3. Suppose z = 2*d - 6*d + 5*r + 3017, -4*r - 3016 = -4*d. Is d composite?
True
Suppose 4*a + 5*p - 3820 = -943, 2*p - 2886 = -4*a. Suppose j + 2*j = 2*q - 296, -5*q - j + a = 0. Is q a composite number?
True
Suppose -v + 4*z + 2821 = 0, 5*v + 7*z = 6*z + 14189. Is v prime?
True
Let b = -16495 - -32528. Is b a prime number?
True
Suppose -10*t = 3 - 3. Let u(f) = -f - 11. Let m(r) = -3*r - 22. Let n(k) = 2*m(k) - 5*u(k). Is n(t) a composite number?
False
Let y = 3815 - 1524. Is y prime?
False
Let y = 34 + -73. Let b = y - -170. Is b prime?
True
Suppose 4*r - 793 = -o + 101, 0 = 5*o - r - 4575. Suppose 5*f = u - 3*u + 917, 5*f = u + o. Let j = f - 112. Is j a prime number?
True
Let b = -22 + 24. Suppose -5*c - 3*p = -632, 3*c - 383 = -0*c + b*p. Is c prime?
True
Suppose 2*u = 5*u, 3*d + 2217 = 3*u. Let q = d - -1350. Is q prime?
False
Let c(a) = -a**2 + 15*a - 10. Let u be c(12). Let n(j) = 11*j + 7 - u*j - j**3 - 5*j**2 + 20*j + 17*j**2. Is n(10) composite?
False
Suppose 0 = -17*h + 19*h - 6. Is 2*337*h/6 prime?
True
Is 1/(-2) - (-16989)/14 a composite number?
False
Suppose 4*g - 362 = -3*j + j, -g - 706 = -4*j. Let o = -44 + j. Is o a composite number?
True
Let p(j) = 127*j + 49. Let y(h) = 128*h + 50. Let w(u) = 3*p(u) - 4*y(u). Is w(-10) prime?
False
Suppose -q - a + 7098 = 0, 5*q + 2547 - 37987 = 5*a. Is q a composite number?
True
Let x = -18909 + 43026. Is x composite?
True
Let p be (((-25)/10)/(-5))/((-3)/(-21342)). Let w = p + -1758. Is w composite?
True
Let k = -7492 + 32009. Is k prime?
True
Let r = 14 - 6. Suppose 3*m = -0*m. Suppose m = 12*l - r*l - 3556. Is l a composite number?
True
Let v = 33 - 35. Let u be (3/v)/(3/(-10)). Suppose 3102 = u*t + t. Is t a composite number?
True
Let w be (4 + -1)/((-5)/5). Is w/(-12)*-2*(-2454 - 0) a composite number?
True
Let n = 14 - 19. Let j(b) = 13*b**3 + 5*b**2 + 5*b + 6. Let f be j(n). Let t = f + 2193. Is t a prime number?
False
Let l(t) = -4*t**2 + 13*t - 35. Let m be l(11). Let z be (6/4)/(1/538). Let h = z + m. Is h prime?
True
Let x = 3917 - 54. Is x a composite number?
False
Suppose 2*d - 4 - 6 = 0, -2*d + 11 = -b. Let y(w) = 354*w**2 - w. Is y(b) a prime number?
False
Let o = 486 + -343. Is o composite?
True
Let r(m) = 13*m - 27. Let t(f) = 13*f - 27. Let q(s) = -3*r(s) + 2*t(s). Is q(-8) a prime number?
True
Suppose 0 = 3*y - 3*m + 3, -3*y + 3 = m + 6. Is 6/((-2)/y) + 1600 composite?
True
Suppose 9*k + 72 = 13*k. Let x = 571 - k. Is x composite?
True
Suppose -5*x = -20, -2*o - 2102 = -4*o - 5*x. Is o a prime number?
False
Let z be 5 + -3 + 0 + -3. Let v(i) = -714*i + 1. Let h be v(z). Suppose -2*o - 5 = -h. Is o prime?
False
Suppose -3*s = 6, -5*k + s + 40 = -4*s. Is 6/(-4) + 1077/k a composite number?
True
Suppose 5081 - 633 = -4*x. Let c = 25 - x. Suppose 0 = -3*y - 0 + c. Is y a prime number?
True
Suppose 4*d - 229 = -5*n, -4*d = 3*n - 94 - 133. Suppose 764 = 7*l + 218. Let w = l - d. Is w prime?
False
Is -1 + 72022/10 + (-1)/5 prime?
False
Suppose -2*h = -6*h. Suppose 5*m + 0*g = -2*g + 108, -2*g + 8 = h. Let w = m + 38. Is w a composite number?
True
Let m(s) = -s**2 + 2*s + 6. Let i be (-23)/(-8) + 3/24. Let u be m(i). Is (1/2)/(u/1338) composite?
False
Let z be 6/(((-56)/12)/(-7)). Let n be 44/(-12)*z/3. Let d(c) = 8*c**2 + 13*c - 22. Is d(n) a prime number?
False
Let z(j) = -3*j**3 + 5*j**2 + 8*j + 29. Suppose -3*t - 24 = -3*k, 4*t + 5*k + 2 = 2*t. Is z(t) prime?
True
Suppose 7*z - 17105 = 4658. Is z a composite number?
False
Let s(o) = -3*o + 26. Suppose -26 = -3*g + 5*m, -4*g + 2*m + 38 = -3*m. Let i be s(g). Is (-676)/i - (-3)/(-5) prime?
True
Suppose -10 = -4*j - j. Let o(w) = 197*w**2 - 1. Is o(j) prime?
True
Suppose 5*i - 171 = 5*x + 1829, x = 2*i - 799. Let a be (86*7)/(7 - 6). Let b = a - i. Is b a prime number?
False
Suppose 0 = 6*d - 7*d. Let p be (d - 2)/((-5)/5). Suppose p*t - 239 = -73. Is t a prime number?
True
Let w(h) = 40*h**3 - 2*h**2 + 4*h + 1. Let s(i) = -i**3 + 2*i**2 + 4*i - 1. Let j be s(3). Is w(j) a composite number?
True
Let f = 6 - 19. Let m = f + 9. Is 2 - (729 - -3)/m composite?
True
Suppose -196 + 546 = -5*w. Let c(z) = 2*z**2 - 4*z - 11. Let k be c(-8). Let u = k + w. Is u a prime number?
True
Let w = 31 + -34. Let k(b) = -24*b - 18*b - 22*b - 1. Is k(w) composite?
False
Let z = 99 - 99. Suppose z = -4*o, -10 = 2*b + o - 38. Is b a composite number?
True
Suppose -o + 26 + 97 = 0. Let i be -3*4/24*(1 - 1). Suppose q = -i*q + o. Is q a prime number?
False
Let m be (-1816)/(-10) + (-2)/(-5). Suppose 759 = 4*u - 5*o, -m = -2*u + o + 205. Suppose 5*b + 648 = 3*h - 0*b, -h + u = 5*b. Is h a composite number?
False
Let j(i) = -i**2 + 8*i - 16. Let o be 3/(-3)*(-1 + -6). Let r be j(o). Is 2/3 + (-1713)/r a composite number?
False
Let s = 249285 - 93596. Is s composite?
False
Let f(v) = -v**3 + 5*v**2 + 7*v + 8. Let n be f(6). Let y = n + -9. Suppose r = -y*t + 280, -2*t - 1101 = -4*r - 47. Is r prime?
False
Suppose 730*b = 729*b + 15221. Is b a composite number?
True
Let s = -27 + 45. Suppose 0 = 3*p + 3*w, w - 6*w - s = -p. Suppose p*d = -d + 1924. Is d prime?
False
Suppose 14*a + 15 = 19*a. Is 2 - 10/a - 5259/(-9) a prime number?
False
Is (-11262)/(-2) + 328/(-41) prime?
True
Suppose -f + 6 = 2*f. Suppose 0 = f*n - 7*n + 3795. Suppose -124 = 5*p - n. Is p a composite number?
False
Let w(m) = -147*m - 5. Let y(d) = d - 1. Let c(g) = -w(g) + 6*y(g). Let n(f) = 307*f - 2. Let s(z) = 5*c(z) - 3*n(z). Is s(-3) a composite number?
True
Let t(z) = z**3 - 9*z**2 + 9*z - 12. Suppose 0 = -4*a, -2*d - a = -3*a - 108. Suppose -9*u = -3*u - d. Is t(u